 v*x. Does 20 divide x?
False
Suppose -5*q + 4 + 11 = 0, 5*q - 47 = -4*r. Suppose 4*m = r - 0. Is 15 a factor of (-6 + 36)*1/m?
True
Let w = -26 + 29. Let u be 0 - w/(-3 - -6). Let x = 36 - u. Does 18 divide x?
False
Let z = 0 + 5. Suppose -10*f + z = -125. Is 13 a factor of f?
True
Let y(q) = q - 4. Let t be y(-4). Let d be (-3605)/14*t/10. Let a = -137 + d. Does 35 divide a?
False
Let l be (-30)/(-45)*(0 - 3*-4). Suppose -l*a = -5*a - 885. Does 31 divide a?
False
Let p(w) = -w + 1. Let g(l) = 2*l + 83. Let c(h) = g(h) + 3*p(h). Does 28 divide c(0)?
False
Suppose -3*m + 24 = m. Let o = 9 - m. Suppose 411 = o*p + 2*p + 4*k, -3*p = -k - 250. Does 21 divide p?
False
Suppose -3*c - 3*k - 4 = 2, 0 = -2*c + k + 5. Suppose 5*a - 4*z = 32, c - 24 = -5*a + z. Does 4 divide a?
True
Let v(b) = -63*b + 54. Is v(-6) a multiple of 14?
False
Let g(b) be the third derivative of b**6/120 - b**5/6 - 7*b**4/24 + b**3/3 - 21*b**2. Does 3 divide g(11)?
False
Suppose 0 = 13*z + 18*z - 41168. Is z a multiple of 76?
False
Let i(u) be the first derivative of u**3/3 + 3*u**2/2 + 5*u - 1. Let v(o) = o**2 + 12*o + 5. Let f be v(-12). Is i(f) a multiple of 12?
False
Suppose 14 = 3*t - 1. Suppose h - 4*z = z - 19, t*h + 5*z - 25 = 0. Does 6 divide h + (2 - -1) + 26?
True
Let j(m) = -43*m - 11. Let b be j(-17). Suppose 3*c = 8*c - b. Is 36 a factor of c?
True
Suppose o = 2*a + 662, 3*o - a - 1318 = o. Is o a multiple of 14?
True
Suppose -m + 5*i - 30 = 0, 0*m - 5*i - 90 = 5*m. Let l = m + 155. Is l a multiple of 9?
True
Suppose -3*x + 276 = -3*y, -11*x = -12*x + 2*y + 89. Is 26 a factor of x?
False
Let b = -472 - -1639. Is b a multiple of 12?
False
Suppose -2*t + 11334 = 4*d, 303 - 3132 = -d - 5*t. Is 46 a factor of d?
False
Let n(f) = f**3 - f + 4. Let c be n(2). Suppose c*z + 196 = 12*z. Is z a multiple of 9?
False
Let j = -460 + 63. Let d = -247 - j. Does 23 divide d?
False
Suppose -5*q + 2 = m, -q - 7 = 2*m - 2. Let u be (-9 + 5)/(q/(-12)). Let g = -4 + u. Is 22 a factor of g?
True
Suppose -16*v - 644 = -18*v. Does 46 divide v?
True
Suppose 44*f = 36*f + 4920. Is 14 a factor of f?
False
Let o(p) = p**3 + 10*p**2 - p + 22. Let k be o(-10). Is 16 a factor of (k/(-6))/(3/(-54))?
True
Let g(a) = 57*a**2 - 15*a - 6. Is g(3) a multiple of 6?
True
Let p(b) = 9*b - 139. Is p(39) a multiple of 69?
False
Suppose 2*u + 3*i - 42 = 0, -5 = -3*i + 7. Does 30 divide 846/(-4)*(-10)/u?
False
Let j = 8 - 7. Let h be 1 + 1 - (j - -33). Does 5 divide 2*4*(-72)/h?
False
Suppose -4*t = p - 4604, 9194 = 2*p - 0*t + t. Is p a multiple of 23?
False
Let y(d) = -d**3 + 40*d**2 + 50*d - 9. Does 15 divide y(41)?
True
Suppose -3*k - 31 + 121 = 0. Let x = k - 26. Suppose -x*n - 28 = -136. Does 4 divide n?
False
Let l be 14/(-35)*(-26 + 1). Let v = l - 3. Suppose 0 = -5*i + v*i - 96. Is i a multiple of 21?
False
Let c(s) = s**3 + 16*s**2 + 20*s + 18. Is 37 a factor of c(-8)?
True
Suppose 0 = -4*w - 2*k + 528, 5*w - 14 = 4*k + 620. Is 13 a factor of w?
True
Let c(x) = 15*x + 213. Does 12 divide c(-13)?
False
Let c(n) = -n**3 + n**2 - 20*n + 252. Is 21 a factor of c(0)?
True
Let c(i) = i**2 - 5*i + 7. Let f be c(6). Suppose 2*u - f*u = -935. Is u a multiple of 14?
False
Is (180/(-80))/(2 + (-35)/16) a multiple of 12?
True
Suppose -3*t = -12, -6*d + d - 2*t + 4693 = 0. Is 20 a factor of d?
False
Let o(r) = r + 1. Let q(c) = -8*c - 22. Let p(f) = -6*o(f) - q(f). Is 3 a factor of p(-4)?
False
Let u(f) = -5*f**2 - 9*f - 5. Let t(h) = -3*h**2 - 10*h - 6. Let v(g) = -3*t(g) + 2*u(g). Suppose 0*q = -q + 6. Is 23 a factor of v(q)?
False
Let l(a) = -a**3 + 5*a**2 - a + 7. Let j be l(5). Suppose 5*k = 5*v - 270, 0*v - 112 = -2*v - j*k. Suppose 4*z - v = -z. Does 4 divide z?
False
Let l(g) = -g**3 + 8*g**2 + g - 23. Let p be l(6). Let h = -59 + 90. Let t = p - h. Is t a multiple of 12?
True
Let x be (-1)/5*-3*-5. Let a(n) = -6*n**3 - 6*n**2 - 18*n + 1. Is 13 a factor of a(x)?
False
Let i(p) = p**3 + 7*p**2 + 8*p - 2. Let c be i(-6). Let j be 6/(-15) - c/10. Is 1 + 1/j - -5 a multiple of 5?
False
Let p = 1731 - 1445. Does 11 divide p?
True
Let n be 25/(-1)*4/(-10). Let y = 11 - n. Does 7 divide y*-3 - 150/(-6)?
False
Suppose -2*a + 82 = 2*f, -5*f + a + 341 - 106 = 0. Suppose -5*c + 4*j + f = 0, -5*c + 53 = -0*c + 3*j. Is 3 a factor of c?
False
Let m(y) be the first derivative of -5*y**2/2 - 4*y - 1. Does 6 divide m(-2)?
True
Let p be 4/(-18) + (-780)/(-108). Let l(x) = -x**3 + 6*x**2 + 6*x + 9. Let v be l(p). Suppose -43 = -3*t + 4*k, -2*k + 20 = v*t - 18. Is 6 a factor of t?
False
Let j(a) be the first derivative of -a**4/4 + a**3/3 + 5*a**2/2 - 7*a + 8. Let s be j(3). Does 22 divide 30/9*(-198)/s?
True
Does 49 divide ((-8)/6)/(8/(-2448))?
False
Let d(o) = 2*o - 14. Let i be d(8). Suppose -s - 48 = -i*s. Let q = s + -30. Is q a multiple of 6?
True
Suppose 16 = 2*r + 4*t, 4*r + 2*t = 2*r + 12. Suppose -r*i = -i - 45. Let k = i - 10. Is 3 a factor of k?
False
Suppose 15*s = 22*s - 287. Does 9 divide s?
False
Let o(m) be the second derivative of 11*m**4/12 + 4*m**3/3 - m**2/2 - 8*m. Is 39 a factor of o(-5)?
True
Let o = 16 - 22. Let q be 1020 - (2*o)/(-4). Does 28 divide q/12 + (-3)/4?
True
Is -2 + -1 + 215 + 0 a multiple of 4?
True
Suppose -9 = 2*i - 1. Is 25 a factor of (68/i)/(2/(-10))?
False
Let q(b) = b**3 + 7*b**2 - 15*b - 7. Let j(d) = 3*d**2 + 2*d - 1. Let r be j(1). Suppose 2*x + r*i + 1 = -i, -4*x - 38 = -2*i. Is q(x) a multiple of 20?
False
Let f(d) = -4*d - 7. Let q(k) = -2*k**3 + 4*k**2 - 4*k - 2. Let o be q(2). Is 7 a factor of f(o)?
False
Suppose -2 = -2*v, j = v + 2 + 4. Suppose 18 = -j*n + 5*n. Is 28 a factor of 12/n*21*-3?
True
Suppose 6*z - 173 = -29. Let o = 54 - z. Is o a multiple of 5?
True
Suppose -5*p = 3*y - 85, -y - 10 + 55 = 5*p. Is 21 a factor of 1268/y - (-2)/(-5)?
True
Is 42 a factor of -3*4/54 - 15128/(-36)?
True
Suppose -18*x = 5*x - 21804. Does 12 divide x?
True
Let g = -914 + 1369. Does 4 divide g?
False
Let i = 257 + 423. Does 5 divide i?
True
Let w = -2 + 4. Let p be 0*(3 + -4 + w). Is 16 a factor of (-4)/(-1) - p - -22?
False
Suppose -6840 = -29*u - u. Is 5 a factor of u?
False
Let i be ((-18)/(0 - -1))/(-2). Suppose 126 = -i*u + 11*u. Let v = u - 33. Is v a multiple of 10?
True
Let i be (1 - -2)*94/3. Suppose 4 = 3*d - 2*d. Suppose -5*a - d*h = -i, a - h - 3*h - 38 = 0. Is 11 a factor of a?
True
Let t be 3*((-112)/(-6) + -3). Suppose -5*g = q - 43, -t = -5*q + 4*q - 3*g. Is 13 a factor of q?
False
Suppose -44 = -5*o + o. Suppose -5*b - 5*s + o = -4, 0 = -2*b + 5*s + 13. Suppose 180 = 4*z + b*n, -2*n - 6 = -0*n. Does 21 divide z?
False
Let q(r) = 3*r**2 + 17*r - 68. Let y(l) = -l**2 - 6*l + 23. Let g(w) = -6*q(w) - 17*y(w). Is g(0) a multiple of 17?
True
Let c = -363 + 463. Is c a multiple of 25?
True
Suppose -7 = 13*d + 32. Does 8 divide (d/(-15)*68)/(2/10)?
False
Let j be 4/10 + 6/10. Let f(z) = -4*z**2 - 9*z + 8. Let s(c) = -c**2 + c + 1. Let w(p) = j*f(p) - 3*s(p). Is w(-12) a multiple of 4?
False
Let f = -90 - -217. Is 4 a factor of f?
False
Suppose 0 = 7*j - 14*j + 3584. Is j a multiple of 16?
True
Let l(d) = d**3 - 3*d**2 - 5*d - 2. Let r be l(4). Let x be (-704)/r*6/4. Suppose 0 = 5*n - n - x. Is 16 a factor of n?
False
Suppose 2*k - 15 = t, -3*k + 20 = -0*t - 2*t. Suppose 5*o - k*o + 960 = -4*d, o + 4*d = 216. Is o a multiple of 14?
True
Let m be 2/(4 - 33/9). Suppose -m*y + 133 = y. Is y a multiple of 5?
False
Let g be (-18)/12*(-4)/6. Let r be (-8)/(1/(-8)*g). Suppose -14 = 2*l - r. Does 18 divide l?
False
Let i = 1294 - 622. Does 12 divide i?
True
Suppose 24*b = 12*b + 336. Is b a multiple of 25?
False
Let i = 39 - 7. Let q = i - -8. Suppose -8*w + q = -3*w. Is 8 a factor of w?
True
Is 245/10 + 21/6 a multiple of 3?
False
Suppose 3*u + 2*u + 2*o = -224, -o = -u - 49. Let i = -81 - u. Let n = 59 + i. Is n a multiple of 8?
True
Suppose -2*f - 35 = 3*f. Let g(t) = t - 3. Let r be g(f). Is 23 a factor of 3/2 + (-675)/r?
True
Let o(u) = -u**2 - 8*u + 8. Let j be o(-8). Suppose 2*b + 2*b - j = 0. Suppose -3*z + b*v + 105 = 0, 5*z - 113 = -5*v + 87. Is 13 a factor of z?
False
Let h(l) = -l**3 + 7*l**2 + 7*l + 2. Let d(j) = j + 1. Let r(v) = -d(v) + h(v). Let y be r(6). Suppose 3*w - 17 = y. Is 30 a factor of w?
True
Let o(v) = -2 + 3*v + 14*v**2 - 2*v - 4*v**2. Let x be